*n + 2*w, n - 2*w = -4. Let p(d) = -d**2 + 76*d - 10. Let c be p(8). What is the highest common factor of n and c?
6
Suppose -5*s = -6*s + 3. Suppose -s*r = 12 + 78. Let q be ((-72)/r)/(6/(-40))*-1. What is the greatest common factor of 32 and q?
16
Suppose -19 = -f - 3*j, -2*f + 7*j = 2*j + 6. Suppose -3*a + f = 34. Let x be ((-12)/a)/((-1)/(-21)). Calculate the highest common factor of 308 and x.
28
Let w = -2355 - -2443. What is the greatest common divisor of 288 and w?
8
Let b be (375/(-100))/(9/(-24)). Let z(d) = d**3 - 7*d**2 + 15*d - 4. Let l be z(6). Calculate the greatest common divisor of l and b.
10
Suppose 4*w = 55149 + 6575. What is the greatest common divisor of w and 13?
13
Let b(f) = -155*f - 2467. Let w be b(-16). Let n = -1 + 1. Let p be (-2 - n)/(9/(-936)). Calculate the greatest common factor of p and w.
13
Let h = -277 - -125. Suppose 72 + 660 = -6*b. Let x = b - h. What is the highest common factor of 80 and x?
10
Suppose 5*f = 5*y + 2930 - 145, -4*y = -5*f + 2782. Let m = 1030 - f. Calculate the highest common divisor of 28 and m.
28
Let m = 129 + -46. Let b = -78 + m. What is the highest common divisor of b and 80?
5
Let y be (3/6*0)/2. Suppose 5*o = -2*n + 172, -2*o - 2*n = -y*n - 64. Let d be ((-12)/(-15))/((-4)/6 + 82/120). What is the highest common factor of d and o?
12
Let j(w) = -2*w**3 - w**2 - 130*w - 897. Let b be j(-7). Calculate the highest common divisor of 6110 and b.
130
Let i(m) = -m + 14. Let d be i(-7). Suppose 56 = 5*z + d. Let w(j) = -3*j - 2. Let x be w(-3). Calculate the greatest common divisor of z and x.
7
Let g(m) = -35*m + 55. Let j be g(5). Let i be 6/(j/(-16745)) + 5/(-4). What is the highest common divisor of 44 and i?
44
Let w be (-12)/(-120)*-8*(-145)/2. What is the greatest common divisor of w and 2059?
29
Let y = 2 + -2. Suppose -5*r - f + 247 = y, -r + 59 = -0*r - 3*f. Let q be ((-60)/(-72))/1*150. What is the highest common factor of q and r?
25
Suppose 0 = 4*z + 5*m + 30, 5*z - 2*m + 2 = -19. Let s be (16/20)/((-2)/z). Let o be (-1)/2*s*-8. Calculate the highest common divisor of 8 and o.
8
Let x = 0 - -7. Suppose -3*i + x + 11 = 0. Let z be (-11)/((-2 - 1)/i). Calculate the highest common factor of 110 and z.
22
Let m be ((-20)/(-6))/((-10)/(-15)). Let l = m + 39. Let y = -801 + 823. What is the highest common divisor of l and y?
22
Suppose 2*p + 4 = 6*p. Let d be (3/p)/(2 + (-15)/9). Suppose -g + 4 + 0 = 0, 2*t - 30 = -3*g. What is the highest common factor of t and d?
9
Suppose 0 = -74*w - 47*w + 2541. What is the highest common factor of w and 14?
7
Suppose 3*k - 2408 = -x, 0 = 104*x - 102*x + 8. What is the highest common factor of k and 48?
12
Suppose 0 = -54*r + 40*r + 4018. Let n be (-6)/(9 - 3) + r. What is the highest common divisor of n and 39?
13
Let o = -40 + 60. Let f be 5 + (-45)/3 - (-12 + -166 + 18). What is the greatest common factor of o and f?
10
Let c = 2182 - 1742. What is the greatest common divisor of c and 200?
40
Suppose -5*x - 10 = -155. Suppose t - x - 41 = 5*r, -4*t - 2*r = -368. Let m = -19 - -29. Calculate the greatest common factor of t and m.
10
Let r(n) = -2*n**2 + 63*n - 7. Let p be r(31). Let b = -6 - -19. Let q be (1/(-1))/(b/(-52)). Calculate the highest common factor of p and q.
4
Let x(c) = 622*c**2 + 395*c + 788. Let h be x(-2). What is the greatest common divisor of h and 55?
11
Let r = 1 - -3. Suppose r*o = 7*o - 81. Let f be 10/(60/274) + 14/(-21). Calculate the highest common divisor of f and o.
9
Suppose 47*g - 46934 = -9663. What is the highest common factor of g and 91?
13
Let u be (-2 - 332/(-6))*(-4671)/(-692). What is the greatest common factor of u and 126?
18
Suppose 0 = 5*m, 5*m - 6*m + 166 = -a. Let c = 212 - a. Calculate the greatest common factor of c and 63.
63
Let g = -4139 + 5294. What is the highest common divisor of g and 4125?
165
Let a(y) = y**3 - 5*y**2 - 18*y + 1950. Let j be a(0). Calculate the greatest common divisor of 300 and j.
150
Let y(k) = 6*k + 1. Let i(f) = -63*f - 173. Let g(b) = 2*i(b) + 18*y(b). Let z be g(-32). What is the highest common divisor of z and 310?
62
Let k(d) = -1458*d - 6230. Let l be k(-5). What is the greatest common divisor of l and 19345?
265
Suppose -55 = -5*n + 25. Let u be -1 - ((-3)/((-3)/(-68)) + -5). What is the greatest common divisor of n and u?
8
Suppose 4*x - 16*d + 21*d = 2693, -3*x = -5*d - 2011. Calculate the greatest common factor of 18 and x.
6
Let d = 54 + -49. Suppose 1 = 4*w + 2*s + 5, -3*w - 8 = 4*s. Suppose -4*m = -3*q + 7, 4*m - 33 = -d*q - w*q. Calculate the greatest common divisor of 5 and m.
1
Let w(f) = f**3 + 6*f**2 + 5*f + 66. Let d be w(0). Calculate the greatest common factor of d and 858.
66
Let b = -3 - -7. Suppose -b*d = d - 35. Let o be (1 + 5)*d/(-56)*-288. Calculate the greatest common factor of 24 and o.
24
Let x(v) = -v**3 + 13*v**2. Let s be x(13). Suppose 4*c - 6*c - 114 = s. Let y = c + 112. Calculate the greatest common factor of y and 11.
11
Let g = 28 + 17. Suppose 3*b - 649 + 534 = 5*d, -3*b = -2*d - 127. Calculate the greatest common divisor of b and g.
45
Suppose 0 = -12*z + 1 + 11. Let v(p) = -p + 1. Let b be v(z). Suppose 4*x - 2*x + 4*d - 82 = b, -x + 53 = -4*d. What is the greatest common factor of 27 and x?
9
Let h be (520/(-80))/(3/(-2) - -1). Let s(z) = z**2 - 14*z + 29. Let k be s(h). What is the highest common divisor of 40 and k?
8
Let d(a) = -a**2 - 57*a - 286. Let y be d(-50). Calculate the highest common factor of 3904 and y.
64
Let l be 7/(4 - (-3 + 6)). Let s(b) = 17*b - 62. Let y be s(l). Suppose 7*j - 3*i = 6*j + y, 4*j - 228 = -4*i. What is the greatest common factor of 76 and j?
19
Let i be (-8)/(2/(-4)*2). Let c(a) = -41*a - 75. Let k be c(-3). Let d = k - i. What is the highest common factor of d and 40?
40
Let h = 22094 + -21982. What is the greatest common factor of 136 and h?
8
Let n = -359 + 723. Calculate the highest common divisor of n and 208.
52
Let a(q) = -1191*q + 4864. Let u be a(4). Let x be (-482)/(-3) + (-8)/12. Calculate the greatest common factor of x and u.
20
Let x be ((-5)/((-35)/(-42)))/(3 - 16/5). Let d = -28 - -138. What is the greatest common factor of d and x?
10
Let c(u) = 23*u**2 - 9*u - 44. Suppose 0 = -25*z - 12 - 113. Let q be c(z). What is the highest common divisor of q and 36?
36
Suppose 0 = 2*b + 2*w, -5*b + 0*w - 3*w = -8. Suppose -4*q - 4*j = -60, -b*j - 5 - 7 = 0. What is the highest common divisor of q and 12?
6
Let w = -302 - -411. What is the highest common divisor of 109 and w?
109
Suppose 230 - 46 = 23*h. Calculate the highest common divisor of 2908 and h.
4
Suppose -4*k + 22 = 2*y - 3*y, 2*y = -k - 53. Let t(p) = p**3 + 23*p**2 - 79*p - 17. Let c be t(y). Calculate the greatest common divisor of 450 and c.
9
Suppose -11467 = -b + 9*h - 16*h, 0 = 5*b - 3*h - 57107. Calculate the greatest common factor of b and 50.
25
Let h(k) = -k**2 + 1. Let r(b) = 7 + 2 + 4*b + 2*b**2 + 0*b**2 + 4*b. Let m(n) = -3*h(n) - r(n). Let l be m(11). What is the highest common divisor of 7 and l?
7
Suppose -38*u - 2250 = -163*u. Calculate the highest common divisor of u and 14562.
18
Suppose -d = 2*f - 173, -f = -5*d - 60 + 1. What is the highest common divisor of 504 and f?
84
Suppose 4*u - 6*u = 0. Suppose u = -2*s + 27 + 65. Let b = s + -39. What is the greatest common divisor of b and 1?
1
Suppose 0 = -15*z + 21*z - 990. Suppose 2310 = 210*u - 204*u. What is the highest common divisor of u and z?
55
Suppose 45 = b + 8*b. Suppose -w - 195 = -3*h, -3*h = b*w - 190 + 13. What is the greatest common factor of h and 24?
8
Let r = -4492 + 4639. What is the highest common factor of 1407 and r?
21
Suppose -5*h = 3*t - 0*t - 601, 0 = -2*h + 5*t + 228. Suppose -5*q - h + 469 = 0. Suppose 4*d = 2*d + q. Calculate the greatest common factor of d and 245.
35
Let x(p) = p**3 + 8*p**2 - 17*p - 83. Let g be x(-7). What is the greatest common divisor of g and 17?
17
Let k be (-6)/((-9)/3) + 1. Let q be 2/k - 3/(18/(-230)). Calculate the highest common factor of q and 26.
13
Let i be -1*(-206)/(-13) + 32/(-208). Let d be (-7)/(189/(-60)) - i/(-72). Calculate the greatest common divisor of d and 54.
2
Let z be (-15 - (-4 - 7))*(-48326)/8. What is the greatest common factor of 73 and z?
73
Let t be (-5)/(-6) - (-4370